9 = 5*i + n - 81. Suppose z = 3*z - i. Suppose 0 = 3*q - 0*q - z. Let x(l) = -l**3 + 3*l**2 + 1. Calculate x(q).
1
Let x(k) = k - 17. Let h be (36/81)/(2/9 - 0). Suppose 0 = -12*i + h*i + 5*i. Suppose -5*a + 9 - 9 = i. Give x(a).
-17
Let w(k) = -k**3 + k**2 - k + 28. Let f = 2577 - 2577. What is w(f)?
28
Let z = 494 - 502. Let s(y) = y**2 + 5*y + 2. Calculate s(z).
26
Let l(r) = -5*r**2 - 19*r + 12. Let w(v) = -v**2 - 3*v - 2. Let p(a) = -l(a) + 6*w(a). Let y = 57 - 57. Calculate p(y).
-24
Let q(k) = -29*k - 311. Let w = 25139 - 25150. Give q(w).
8
Let v(x) = -17*x**3 - x**2 + 1. Suppose 429*n - 421*n - 24 = 0. Suppose -9 = n*p - 3*h, 8 = -2*p + 3*h - 0*h. What is v(p)?
17
Let j(h) = h**3 - 5*h**2 + 1. Let l(a) = a**3 - a**2 - a. Let z = -13 + 11. Let s(b) = z*l(b) + j(b). Give s(-2).
-7
Let p be 24/(-3) + -1 + 0. Suppose 4*g + 19*d = 22*d + 29, 9 = -3*d. Let n(c) = 2915*c - g - 2*c**2 - 2924*c + c**2. Calculate n(p).
-5
Suppose -41*k = -40*k + 5*w - 14, 5*k - 10 = 5*w. Let j(a) = -a**2 + 4*a - 11. Calculate j(k).
-11
Let t = -160 - -165. Let r(c) = -11 + t - c + 3 + c**2. Determine r(6).
27
Let o(u) be the first derivative of -u**3 + 5*u**2/2 - 3*u - 1521. Calculate o(1).
-1
Let s(j) = -38*j**3 + j**2 + 2*j - 2. Suppose -3*m - 3*i = 0, -13*m - 4*i + 1 = -8*m. Calculate s(m).
-37
Let v(j) = -48*j**3 + 2*j**2 - j - 2. Suppose 0 = 2*l + 2*g + 12, -84*l - 15 = -89*l + 4*g. What is v(l)?
49
Suppose 0 = g - 4*g - 2*c - 9, 0 = 5*g - 3*c + 34. Let t(u) be the second derivative of 0 - 7/6*u**3 - 7/2*u**2 - 1/20*u**5 - u - 1/2*u**4. Give t(g).
3
Suppose 4*s + 3*i - 52 = -69, 0 = -4*i - 12. Let m(d) = d**3 - 10*d - 17. Give m(s).
-5
Let l(z) = 83*z**2 - 75*z - 126. Let g(x) = 15*x**2 - 15*x - 25. Let a(c) = -11*g(c) + 2*l(c). Give a(-13).
-3
Let l(c) = c**3 - 12*c**2 - 9*c - 21. Let q(u) = 4*u**3 - 41*u**2 + 11*u + 3. Let h be q(10). Calculate l(h).
31
Let y(k) = k**3 + 3*k**2 + 3*k + 1. Suppose 0 = -3*a + 5*p - 47 - 45, -2*p - 40 = 2*a. Let h = -55 - -29. Let l = h - a. What is y(l)?
-1
Let a(c) = 71*c**2 + 19*c + 4. Let j(m) = 57*m**2 + 18*m + 4. Let u(z) = 4*a(z) - 5*j(z). Calculate u(-19).
-99
Let k = -67 - -103. Let j = 19 - k. Let a(f) = -f**3 - 17*f**2 + f + 15. Let d be a(j). Let r(s) = -s**2 - 1. What is r(d)?
-5
Let y(d) = -4*d**2 - 14*d - 4*d**2 + 7*d**2 - 9. Suppose -4*l + 1092 = -27*l - 61*l. Determine y(l).
4
Let b(x) = -89*x - 95. Let c be b(-1). Let f(n) = n**2 + 3*n - 9. What is f(c)?
9
Let v(q) = q**2 + 2*q + 6. Suppose -4*n = -4*b + 24 - 16, n - 10 = 3*b. Calculate v(n).
54
Let u(p) = 13*p + 5. Let j(w) = -2*w - 1. Let a(q) = -5*j(q) - u(q). Let s(i) = -3*i - 10. Let l(c) = -2*a(c) + s(c). Give l(3).
-1
Let g(d) = -6*d - 9. Let f = -18109 - -18104. Calculate g(f).
21
Let s(j) be the first derivative of 1/20*j**5 + 10*j - 14 + 1/6*j**3 - 1/6*j**4 + 1/2*j**2. Let u(b) be the first derivative of s(b). What is u(2)?
3
Let w(f) = f**2 + f + 1. Let i be 8*1*24/64. Suppose -6 = -0*m - i*m. Calculate w(m).
7
Let h(c) = -25*c**3 + 31*c**2 - 11*c + 6. Let w(g) = -138*g**3 + 166*g**2 - 56*g + 29. Let k(d) = 11*h(d) - 2*w(d). Let q = -3 - 7. Determine k(q).
-2
Let p(a) = -12*a**2 - 7*a + 3. Let s(h) = -32*h**2 - 20*h + 8. Let t(q) = 11*p(q) - 4*s(q). Give t(-1).
-6
Let h(m) = m - 10. Let i(q) = 11*q - 38. Let d(b) = 4*h(b) - i(b). Give d(-3).
19
Let v(r) = -r**2 - 51*r - 304. Let p be v(-7). Suppose 3*m - 92 = 5*u, -29 - 27 = p*u + 2*m. Let s(g) = -g**2 - 14*g + 30. Determine s(u).
-2
Suppose -h - 4*h + 25 = 0. Suppose 2*t = 5*w + 11, 0*w - 14 = -3*t + h*w. Let i(l) be the first derivative of -l**2 + l - 25. What is i(t)?
-5
Let a(f) = f**2 - 34*f + 8. Let q be a(34). Suppose -44 = -q*k - 36. Let w(j) = -32*j**2 - 1. Give w(k).
-33
Let c be 8 - 6 - 6/3 - -105. Let t be 1*-16 + c/15. Let j(z) be the second derivative of -z**3/6 - 2*z**2 + z. Calculate j(t).
5
Let p(c) be the first derivative of -c**4/4 - c**3/3 + 11*c**2/2 + 13*c + 3302. What is p(-3)?
-2
Let y(j) be the first derivative of 5*j**4/4 + 4*j**3/3 + 7*j**2/2 + 3*j - 1790. Give y(-3).
-117
Let o be (-6)/(-21) - 43999/13391. Let i(u) = 5 + u - 4*u**2 - 3 + 2*u**2. Determine i(o).
-19
Suppose 0 = 1138*z - 1139*z - 5*k - 36, 0 = 4*k + 24. Let l(w) be the second derivative of w**4/12 + 4*w**3/3 + w**2/2 + w. Give l(z).
-11
Let s(a) = -1783*a**2 + 53 + 8*a + 1784*a**2 + 0*a + 9*a. Determine s(-4).
1
Let j(y) = y - 19. Suppose -3*u + 5*t - 8 = 0, -28*t + 27*t = -3*u - 16. Calculate j(u).
-25
Let o(n) = -19*n. Suppose 0 = 3*f - 3, 11 = 4*p + f - 6. Let c(u) = 43*u. Let i(b) = p*c(b) + 9*o(b). Calculate i(6).
6
Let t(f) = 3*f**2 + 8*f - 5. Suppose 7*p - 3*p - 8 = 0. Let m(q) = 1 - 3*q**2 + q**p + 3 - 7*q + 0*q**2. Let n(w) = 4*m(w) + 3*t(w). Determine n(4).
1
Let k(u) = 6*u**2 + 2 - 20*u**3 + 19*u**3 - 15*u**2. Let c be k(-9). Let g(i) = c - 2 + 2 - i - 6. Determine g(-6).
2
Suppose v - 60 = -4*v. Suppose -2*t - v = -8*t. Let c(u) = u**3 + 8 + 0 - 5*u - 4 - 1 - 3*u**t. Calculate c(3).
-12
Let o = -1447 + 1440. Let m(s) = s**3 + 13*s**2 + 40*s - 15. Calculate m(o).
-1
Let k(j) = -j - 1. Let d(r) = 2. Let o(y) = -d(y) - 4*k(y). Let l be -4 - (-25 + 1)/2. Suppose 12*g + l = 8*g. Determine o(g).
-6
Let l(p) = -11*p + 2. Let z(u) = -10*u - 1 + 3 - 1. Let j(v) = 6*l(v) - 7*z(v). Let i be (17/((-476)/40))/((-2)/(-7)). Calculate j(i).
-15
Suppose -13*u = 265 - 330. Let j(y) be the first derivative of -5/3*y**3 - 2*y + 3/2*y**2 + 1/4*y**4 - 2. Determine j(u).
13
Let v(k) = k**2 + 16*k + 35. Suppose -604 = -11*n - 758. Determine v(n).
7
Let r(a) be the second derivative of -a**5/20 - a**4/2 + a**3/6 + 5*a**2 + 8*a - 9. Calculate r(-6).
4
Let j(t) = -12*t - 11. Let z = -287 + 287. Give j(z).
-11
Suppose 3*s - 15 = 0, s = -f - 3*s + 12. Let m(c) = -c**3 - 7*c**2 + 5*c - 26. Give m(f).
-2
Let q be 10 + 0 + -4 + 1 + -2. Suppose 11 = q*r + i + 2, -3*r = -2*i + 5. Let l(n) = 8*n**2 - 2. What is l(r)?
6
Let o(j) be the third derivative of -j**5/120 - j**4/8 - 5*j**3/6 - 2*j**2. Let x(i) be the first derivative of o(i). Let k = 117 - 120. Calculate x(k).
0
Let s be 146/7 - 2/(-14). Suppose s = 8*z - 27. Let r(c) = -c + 4. Calculate r(z).
-2
Let s = -5698 - -5692. Let r(p) = -p**2 - 9*p - 1. What is r(s)?
17
Let j(s) = 256*s - 115*s - 118*s - 33 - 31. Determine j(3).
5
Let l(u) = u**3 + 35 + 32*u + 33*u**2 + u**2 - 99 + 13 + 17. Determine l(-33).
-1
Suppose 95 = -8*d + 575. Suppose 3*n = -0*n - d. Let o be 2/((108/n - -2) + 3). Let p(y) = -y. Give p(o).
5
Let q(d) = -d**3 - 9*d**2 + 9*d - 12. Suppose 9*s - 531 = -1395. Let o = 86 + s. What is q(o)?
-2
Suppose -2*p + 34 = -20. Let o(r) = -3*r**2 - r**3 - 2*r**2 + 33*r + 8 - p*r. Calculate o(-6).
8
Let v be (-15)/9 + 536/12. Suppose 18*c + 11 + v = 0. Let i(m) = m**3 - 2*m**2 - m + 3. Calculate i(c).
-39
Suppose -38 + 3 = -5*v. Let k(x) = 1 - 8*x**2 + 2*x**3 + v*x - x**3 + 2. Let q(d) = -d**3 + 19*d**2 - 85*d + 217. Let z be q(14). Give k(z).
3
Let p(z) = z**3 - 8*z**2 + 8*z - 2. Let i(q) = q + 1. Let k(x) = -i(x) + p(x). Suppose 65*o = 99*o - 238. What is k(o)?
-3
Let f(k) = k**2 - 4*k - 8. Suppose -4*q + 0*p - 5*p = -24, -3*q + 18 = -3*p. Let z be ((-18)/8)/(q/(-16)). What is f(z)?
4
Let q(n) be the first derivative of 1 + 3/2*n**2 - 5*n + 1/4*n**4 - n**3. Let k be 69 - -14*(-65)/14. What is q(k)?
23
Let o(n) = n**2 + 36*n + 1. Let u be o(-36). Let c(d) = 5*d - 283*d**2 + u + 284*d**2 - 2 + 6*d. Give c(-11).
-1
Let b(w) be the first derivative of w**4/4 - 2*w**3/3 - 3*w**2/2 + 2*w - 1. Suppose -51095*t + 51082*t = -26. Determine b(t).
-4
Let i(f) = 7*f. Let v be (-14)/112*0*1. What is i(v)?
0
Let h(g) = 6*g - 29. Let u(b) = 16*b + 326. Suppose -30*v - 360 = -12*v. Let f be u(v). Calculate h(f).
7
Let o(j) = 24*j**2 + 2*j - 2. Suppose 17*d - 150 = -133. What is o(d)?
24
Suppose 244 = u + 4*b, 716 = -0*u + 3*u - 4*b. Let s be 32/u - (8/(-30))/(-2). Let n(g) = -g**3 + g - 43. What is n(s)?
-43
Let i(j) be the second derivative of j**4/6 - j**3/6 - j**2 + 532*j. Calculate i(-4).
34
Let f(p) be the third derivative of p**5/60 + p**4/24 - 19*p**3/3 + p**2. Let o = 9952 - 9952. Give f(o).
-38
Let h(z) be the second derivative of -3/4*z**4 + 0 + 1/20*z**5 + 233*z - 3/2*z**3 + 5/2*z**2. Determine h(10).
15
Let s(h) = h**2 - 21*h - 2. Let u be s(-22). Suppose -g + 45